{"id":679,"date":"2019-07-28T00:12:30","date_gmt":"2019-07-27T22:12:30","guid":{"rendered":"http:\/\/350trucs.com\/?page_id=679"},"modified":"2019-07-28T00:12:31","modified_gmt":"2019-07-27T22:12:31","slug":"illustrations","status":"publish","type":"page","link":"https:\/\/350trucs.com\/index.php\/illustrations\/","title":{"rendered":"Illustrations"},"content":{"rendered":"\n<p>Pages 1 \u00e0 40<\/p>\n\n\n\n<p>Pages 41 \u00e0 80<\/p>\n\n\n\n<p>Pages 81 \u00e0 120<\/p>\n\n\n\n<p>Pages 121 \u00e0 160<\/p>\n\n\n\n<p>Pages 161 \u00e0 208<\/p>\n","protected":false},"excerpt":{"rendered":"<p>Pages 1 \u00e0 40 Pages 41 \u00e0 80 Pages 81 \u00e0 120 Pages 121 \u00e0 160 Pages 161 \u00e0 208<\/p>\n","protected":false},"author":1,"featured_media":0,"parent":0,"menu_order":0,"comment_status":"closed","ping_status":"closed","template":"","meta":{"footnotes":""},"class_list":["post-679","page","type-page","status-publish","hentry"],"_links":{"self":[{"href":"https:\/\/350trucs.com\/index.php\/wp-json\/wp\/v2\/pages\/679","targetHints":{"allow":["GET"]}}],"collection":[{"href":"https:\/\/350trucs.com\/index.php\/wp-json\/wp\/v2\/pages"}],"about":[{"href":"https:\/\/350trucs.com\/index.php\/wp-json\/wp\/v2\/types\/page"}],"author":[{"embeddable":true,"href":"https:\/\/350trucs.com\/index.php\/wp-json\/wp\/v2\/users\/1"}],"replies":[{"embeddable":true,"href":"https:\/\/350trucs.com\/index.php\/wp-json\/wp\/v2\/comments?post=679"}],"version-history":[{"count":1,"href":"https:\/\/350trucs.com\/index.php\/wp-json\/wp\/v2\/pages\/679\/revisions"}],"predecessor-version":[{"id":680,"href":"https:\/\/350trucs.com\/index.php\/wp-json\/wp\/v2\/pages\/679\/revisions\/680"}],"wp:attachment":[{"href":"https:\/\/350trucs.com\/index.php\/wp-json\/wp\/v2\/media?parent=679"}],"curies":[{"name":"wp","href":"https:\/\/api.w.org\/{rel}","templated":true}]}}